 h(o).
5
Let x = 1346 - 1340. Let r(q) = -2*q + 10. Calculate r(x).
-2
Let n be 16/(-6)*(-6)/4. Suppose -2*w - 8 = 4*x, -w + n + 8 = -2*x. Let j(s) = -s - 4. Determine j(w).
-8
Let r(u) = -88*u**2 - 131*u - 110. Let w(j) = 11*j**2 + 16*j + 13. Let l(y) = 2*r(y) + 17*w(y). Calculate l(-3).
70
Let w(v) be the third derivative of v**6/120 - 7*v**5/60 - 3*v**4/8 - 8*v**3/3 + 16*v**2 - 16*v. What is w(8)?
-24
Let k be ((-3)/(-2))/((-1)/(-2)). Let l(t) be the third derivative of -t**4/6 + t**3 + 23024*t**2. Give l(k).
-6
Suppose -4*c - 4*n = 20, 5*c - 7*c + 4*n + 20 = 0. Let o(j) = c*j - 10 + j**2 + 0*j + 6*j - 2*j + 2*j. Suppose 0 = k + k + 14. Give o(k).
-3
Suppose -g - 2*k + 30 + 1 = 0, 0 = k + 3. Let r = 40 - g. Let l be (-15 + -1)/(-4) - r/(-1). Let y(h) = h**2 - 9*h + 4. Give y(l).
-10
Suppose 0*v = -4*d - 4*v - 260, 5*d = -4*v - 324. Let q be ((-8)/(-14))/(d/(-224)). Let w(r) = 3*r + 45*r**2 + 46*r**q - 90*r**2. Give w(-4).
4
Let q(f) = 3*f**2 + 17*f - 1. Let g(k) = -10*k + 2 - 8*k**2 - 14*k - 11*k. Let t(j) = -2*g(j) - 5*q(j). Determine t(15).
1
Let j = 91 - 21. Let y = j - 70. Let n(l) = y*l**2 - 6*l**2 - 4*l + 3*l**2 + 2*l. Determine n(-3).
-21
Let r(h) = 2*h**2 - 66*h + 72. Let j be 8 + -3 - (-4401)/163. Determine r(j).
8
Let p(l) be the second derivative of 0 + 15*l - 1/6*l**3 - 1/120*l**5 + 0*l**2 + 0*l**4. Let y(r) be the second derivative of p(r). Give y(0).
0
Let j(i) = 10*i + 18. Let v(n) = -15*n - 35. Let k(q) = 13*q + 34. Let r(l) = 3*k(l) + 4*v(l). Let z(a) = -13*j(a) - 6*r(a). Calculate z(-6).
18
Let w be 2 + 4 + -9 + (2 - 3). Let n(o) = 15*o**3 - 5*o**2 - 23*o. Let b(q) = 7*q**3 - 2*q**2 - 11*q. Let c(p) = 13*b(p) - 6*n(p). Give c(w).
20
Suppose -4*d - 2*n + 1486 = 0, d + n + 745 = 3*d. Let x = -365 + d. Let r(s) = -s**2 + 7*s + 1. Give r(x).
1
Let u(i) be the third derivative of -i**6/240 - 17*i**5/120 + i**4/24 - 2*i**3 + 9*i**2 + 7. Let s(f) be the second derivative of u(f). What is s(-7)?
4
Let w = 3451 + -3418. Let o(f) = -f**2 + 32*f + 27. Give o(w).
-6
Let k(b) = -b**3 - 6*b**2 + 73*b - 14. Let d be (18/(-7))/(5260/(-280) - -19). Calculate k(d).
-26
Let y be 7/14*4 - -2*7. Let p(v) = v - 15. Let a be p(y). Let w(d) = 5*d**3 + d**2 - 1. Calculate w(a).
5
Let w(p) = p**2 + 5*p - 4. Let d(g) = -33*g - 156. Let q(k) = 23*k + 105. Let u(b) = -5*d(b) - 7*q(b). Let a be u(-13). Determine w(a).
10
Let l(v) = -7*v**2 - 101*v - 31. Let m be l(-14). Let w(n) = -2*n**2 + 26*n - 51. Calculate w(m).
-7
Let u(x) = -162*x + 320. Let g be u(2). Suppose 0*h + 3*h = 0. Let f(y) = 2*y + h*y + 3 + 0*y. Determine f(g).
-5
Let x(l) = 184*l**3 - 185*l**3 - 6 + 20*l**2 + 3*l**2 + 10. Calculate x(23).
4
Let p(v) be the second derivative of -5/3*v**3 - 49*v + 3/4*v**4 - 1/20*v**5 + 0 + 4*v**2. Calculate p(8).
-8
Let j(m) = 1252*m**2 + m + 1249*m**2 - 2 - 2499*m**2. Let b(c) = c**2 + 4*c - 5. Let z(u) = -b(u) + 2*j(u). Calculate z(2).
9
Let p be -9 + (-100)/35*28/8. Let o(h) = h**2 + 16*h - 41. Calculate o(p).
16
Let a(z) = 119*z - 5. Let r(w) = -42*w + 1. Let n(h) = 4*a(h) + 11*r(h). Determine n(-3).
-51
Let g(h) = -h - 5*h**3 + 4*h**3 + 118873*h**2 - 118874*h**2 - 27. Calculate g(0).
-27
Let g(o) be the first derivative of -5*o**2/2 + 5*o + 14. Suppose 2*t - 384 = -374. What is g(t)?
-20
Let k(f) = f**2 + 2*f. Let d be k(-5). Let q be d + -18 - (-3 + 1). Let z(v) = -13*v - 2. Calculate z(q).
11
Let r(y) = y**2 + y - 38. Let d(p) = 2*p**2 + p - 75. Let v(b) = -2*d(b) + 5*r(b). Let u(i) be the first derivative of v(i). Calculate u(2).
7
Let l = 370 - 369. Let o(r) = 21*r - 12. Let p be o(l). Let n(d) = d**2 - 7*d - 5. Give n(p).
13
Let s be 6/(-12)*-10 - -16. Suppose -s = -19*f + 74. Let g(p) = -p**3 + 6*p**2 - 8*p + 3. Determine g(f).
-12
Let z(p) = p**3 - p**2 - p - 2. Let r = -14 + 15. Let f(u) = 2*u**2 + 37*u - 14*u - 4 - 19*u. Let k be f(r). Calculate z(k).
0
Let o(z) = -z. Let g(d) = -6*d - 1. Let j(l) = -g(l) - o(l). Let f be (-3*1)/((1/2)/((-6)/(-12))). Calculate j(f).
-20
Let u(x) = 91*x + x**2 + 11*x - 3 - 108*x. Let k be (-2 + 1)*-1*6. Let o(g) = g**2 - 4*g - 5. Let l be o(k). Calculate u(l).
4
Suppose 0 = 5*u - 10*u - 25, 5*r - 100 = 5*u. Let k(p) = p**2 - 19*p - 8. What is k(r)?
-68
Let t(l) = -l**2 + 8*l - 7. Suppose -62*y + 63*y = 1. Suppose y = n - 0*n + u, 40 = 5*n - 2*u. What is t(n)?
5
Let c(w) be the first derivative of 2*w**3/3 + 19*w**2/2 + 52*w - 2074. Determine c(-10).
62
Let x(s) = -s**2 - 5*s. Let u = -138 - -138. Suppose 9*i - i - 248 = u. Suppose -4*a - i - 20 = 5*h, a - 17 = 3*h. What is x(h)?
-14
Let r(t) = t**3 + 2*t**2 - t + 10. Let u(g) = -g**3 - 7*g**2 + 3*g - 33. Let f(q) = -13*r(q) - 4*u(q). What is f(2)?
-60
Suppose u - 4*o = -6*o - 4, -3*u + 2*o + 28 = 0. Let m(v) = 2*v**3 - 10*v**2 - 15*v + 15. Determine m(u).
-3
Let r be -10*((-16)/(-20))/(-1). Let c be 31 + -6 + r/4. Suppose -4*t + 5 + c = 0. Let g(o) = o**2 - 7*o - 7. What is g(t)?
1
Let q(d) = -d**2 - 8*d - 7. Let u(m) be the first derivative of 19*m + 32 + 5*m**2 - 1/3*m**3. Let o be u(12). Determine q(o).
8
Let y = -35 - -32. Let t = y + 7. Suppose -5*f + 3*d = -41, -5*d - 5 = -t*f + 33. Let n(z) = z - 2. What is n(f)?
5
Let b be (10/(-10))/(2/(-3146)). Let d(i) = -1589 - i**2 + 4*i + b + 10*i. Determine d(12).
8
Let l(h) = -101 + 127 - 645*h + h**2 + 630*h. Determine l(11).
-18
Let o be -10 + 1 + (-12)/(-3). Let k(q) = 6*q**3 + 11*q**2 + 6*q + 24. Let b(x) = -7*x**3 - 11*x**2 - 5*x - 26. Let s(t) = o*b(t) - 6*k(t). Determine s(-10).
-4
Suppose i - 6*k = -11*k + 12, 4*i + 2*k = 12. Let r(v) = -5 - 3*v**i - 128*v**3 - 6*v**2 + 127*v**3 + v. Calculate r(-9).
-14
Suppose 2*p - 4 + 12 = 2. Let l(z) = 32*z + 13. Determine l(p).
-83
Let o(z) = 16*z + 0*z + 16*z - z + 4*z. Let g be (31 + -32)*1/1. Give o(g).
-35
Let c(u) be the second derivative of -1/3*u**3 - 17*u**2 + 237*u + 0. Give c(-18).
2
Let z(b) = 3*b**2 + 5*b + 2125 + b**2 + b**3 - 2131. Determine z(-3).
-12
Let n(s) be the third derivative of -s**8/20160 - s**6/720 + 3*s**5/20 + s**4/8 - 66*s**2. Let p(d) be the third derivative of n(d). What is p(-3)?
-10
Let b(n) = n**2 - 2*n - 1. Let d(a) = -2*a**2 - 2*a - 1 - 8 + 8 - 2. Let p(c) = 3*b(c) + d(c). Give p(7).
-13
Let r(u) = 2335*u - 21 + 1 - 2329*u. Determine r(10).
40
Let p(t) = t**2 - 13*t + 6. Let i(n) be the third derivative of -5*n**4/12 - 44*n**3/3 - 110*n**2. Let u be i(-10). Give p(u).
-6
Let o(a) be the third derivative of -a**6/120 + 49*a**5/60 - 23*a**4/4 + 2*a**3/3 + 456*a**2 + 3*a + 2. Calculate o(46).
4
Let l(p) be the third derivative of -p**4/8 + p**3/6 + 51*p**2. Let b be l(-1). Let v(t) = -t**2 + 6*t - 4. Determine v(b).
4
Suppose 5*c + 15 = 0, o = -2*o - 4*c - 24. Let d(y) be the first derivative of y**2 - 3*y - 1320. What is d(o)?
-11
Suppose -252*o = -253*o + 3*d + 12, 0 = -5*o + 4*d - 6. Let q(a) = 4*a + 2. Let n(i) = 1 - 2 + 9*i + 4. Let p(g) = 2*n(g) - 5*q(g). Give p(o).
8
Let i(f) = -5*f**3 - 3*f**2 + f + 2. Let z = 4200 + -4202. Determine i(z).
28
Suppose 0 = l - 4*m + 10, l - m + 6*m - 35 = 0. Suppose 1 = -s + 3. Let p(b) = 7*b + 0*b**3 + b**3 + l + 116*b**s - 107*b**2. Determine p(-8).
18
Let m(a) be the first derivative of a**3/3 - 13*a**2 - 181*a + 13273. Determine m(-6).
11
Let b(m) = -m**2 + 2*m + 6. Let p(x) = 8531 - 4*x - 8356 - 3*x. Let j be p(25). Determine b(j).
6
Let d(y) = y + 2. Suppose -n - 419 = 4*s, 3*s - 4*n = -s - 404. Let r be (99/4)/(39/s). Let o be 4/(-22) + (-342)/r. Give d(o).
7
Let d(k) = k - 3. Let o be d(7). Suppose j - 1 - o = 0. Let y(n) be the third derivative of -n**6/120 + n**5/10 - 5*n**4/24 + n**3/2 + 55*n**2 - 2. Give y(j).
3
Let b(s) be the third derivative of -s**4/12 + 13*s**3/6 + 29*s**2. Suppose -2*p + 2 = -0*p + 2*h, -11 = -5*p - 3*h. Let w be b(p). Let y(v) = v - 2. Give y(w).
3
Let x(t) be the first derivative of -4*t**3 + t**2/2 - t - 1019. Give x(1).
-12
Let c(r) = 2*r**2 - 2*r**3 - 3*r**3 + 3*r**3 - r + r**3. Let q be c(0). Suppose 1 = -z - q. Let b(j) = -3*j + 1. Determine b(z).
4
Let k = 48 - 41. Suppose 8*s + 5*s = 104. Let n(i) = 10*i**3 - 21*i - 11*i**3 - 6 + 14*i + s*i**2. What is n(k)?
-6
Let h(w) = w**3 + 14*w**2 + 4*w + 50. Suppose -8 = -4*b, -1 = -2*a + 3*b - 35. What is h(a)?
-6
Let w(b) = b**3 + 7*b**2 - 4*b + 10. Let s be (4 + -2)*(-10 - (-6)/1). Calculate w(s)